q. What is the hundreds digit of i?
4
Let b(a) = -3*a - 13. Let i be b(-6). Suppose -93 = 4*r - i*r. What is the tens digit of r?
9
Suppose 1597 = 3*l - 4*k + 69, 2*l + k = 1015. What is the tens digit of l?
0
Let r = -334 + 586. What is the hundreds digit of r?
2
Let a be -2*(3/(-6) + -2). Suppose 2*x - 11 = -a. Suppose -39 = -x*h + 2*o + 61, 2*o - 140 = -5*h. What is the units digit of h?
0
What is the tens digit of (12/10)/(33/6215)?
2
Let b(x) = 4*x**2 - 18*x - 1. What is the hundreds digit of b(-11)?
6
Let a be (-2*(-284)/8)/1. What is the tens digit of -1 - (4 - a/1)?
6
Let a(v) = 2*v**3 - 13*v**2 + 5*v + 40. What is the tens digit of a(10)?
9
Suppose 4*s - n + 4 - 35 = 0, 3*s - 27 = -3*n. Let i be (-1)/2*380/95. What is the units digit of 2916/48 - i/s?
1
Suppose 5*r + 5*i - 563 = 2682, 1942 = 3*r - 2*i. What is the hundreds digit of r?
6
Suppose -3242 = -20*o + 1818. What is the tens digit of o?
5
Let n(u) = 4*u**2 - 7*u + 155. What is the units digit of n(13)?
0
Suppose 0 = -10*s - 4*s + 1302. What is the tens digit of s?
9
Suppose -110 = -s + q - 5*q, -s + 5*q = -83. What is the units digit of s + 0/2 + -1?
7
Let i(w) = -2*w**3 - 4*w**2 - 2*w + 1. Let a = -13 - -11. Let y be i(a). Suppose 3*f = -f - y*x + 74, 0 = f + 3*x - 15. What is the units digit of f?
1
Let t = 26 - 22. Suppose 5*q = t*m + 29, -8*q + 27 = -3*q - 2*m. Suppose u = 1 - 6, 34 = 3*p - q*u. What is the units digit of p?
3
Let w = -1901 + 3237. What is the tens digit of w?
3
Suppose o - 3*o = -10. Suppose 0 = -5*l + 5*s + 635, s = 3*l - 5*l + 251. Suppose -o*r = -4*p + 2*p + l, -r = -4*p + 216. What is the tens digit of p?
5
Let z = -15 + 28. Let b = z - 13. Suppose b = -4*k + 7*k - 117. What is the units digit of k?
9
Let r(a) be the first derivative of -a**3/3 - 9*a**2/2 - 10*a - 4. Let x be r(-7). What is the units digit of ((-48)/18)/(x/(-6))?
4
Let j = 1412 - 949. What is the tens digit of j?
6
Let u(w) = 7*w**3 + 2*w**2 + w - 2. Let c be u(3). Let a = 350 - c. What is the units digit of a?
2
What is the tens digit of (21 - 1)*((-9198)/(-45) + -8)?
2
Let d = -18 - -24. Suppose -6*s + d = -3*s. What is the units digit of s?
2
Let a(t) = t**2 + 15*t - 194. What is the hundreds digit of a(19)?
4
Suppose 28 = -k - 2*j + 5*j, 10 = -2*j. What is the units digit of (-4 - k)*1 + -1?
8
Let n(m) = 8*m**2 - 12*m - 2. What is the tens digit of n(12)?
0
Let z = -46 - -47. Let x(s) = -s**2 + 15*s - 11. Let p be x(8). Let h = z + p. What is the tens digit of h?
4
Suppose -3*j - 3*h = -17442, -h = 5*j - 5*h - 29088. What is the hundreds digit of j?
8
Suppose 2*a + 834 = 4*k, 3*k - 684 = 2*a - 57. Let b = -146 + k. What is the units digit of b?
1
Let a = -5 + 18. Suppose -4*w = -425 + a. Suppose 5*t - 17 - w = 0. What is the units digit of t?
4
Let g = 1090 + -737. What is the tens digit of g?
5
Let x be (1/(-1))/((-1436)/(-480) - 3). Suppose 0 = -21*l + 26*l - x. What is the units digit of l?
4
Suppose 0 = 7*a - 3494 + 785. Suppose 992 = 3*i - l + a, -5*i - 4*l = -1031. What is the units digit of i?
3
Let b(f) = 3*f**2 - 102*f - 232. What is the units digit of b(44)?
8
Let v = -363 + 1025. What is the hundreds digit of v?
6
Suppose 0 = 4*l + 67 - 11. Let x = 12 + l. What is the units digit of x/(-6) - 62/(-3)?
1
Let j(t) = t - 2. Let h be j(3). What is the units digit of (2 - h)*37*(-14 + 15)?
7
Suppose 2*i = 3882 - 936. What is the units digit of i?
3
Suppose -5 = g - 3*u, -4 - 1 = -5*g + 5*u. Suppose -g*r + 6*r = 10. Suppose -f + 114 = r*c, 5*c + f - 110 = -4*f. What is the tens digit of c?
2
Let b = -1872 + 3580. What is the thousands digit of b?
1
Let o(s) = 6*s. Let p be o(-1). Let y be p/4*(-4)/6. What is the units digit of y - ((0 - 3) + 1)?
3
Suppose -3*l - 2*n + 1719 = 0, -4*l + n - 1722 = -7*l. What is the units digit of l?
5
Suppose 0 = -5*z + 5*k + 1285, 1044 = 4*z + k + 3*k. What is the tens digit of z?
5
Let w(z) = 2*z**3 - 8*z**2 - 9*z - 6. What is the tens digit of w(9)?
2
Let u = -927 - -2519. What is the hundreds digit of u?
5
Let f = 432 + -100. What is the hundreds digit of f?
3
Let d(r) = r**2 - 2*r + 4. Let v be d(3). Let b be 10/35 - (-481)/v. Let k = -31 + b. What is the units digit of k?
8
Suppose -8*y - 2162 = -10*y. What is the thousands digit of y?
1
Suppose 5*r - 2*o - 1508 = r, 3*o - 1140 = -3*r. What is the units digit of r?
8
Suppose -2*t - t + 12 = 0. Suppose -t*n = -5*j + 32, -2*j - 5*n + 0*n - 7 = 0. What is the units digit of (2 - 0 - j) + 47?
5
Let v(g) = -g**2 + 39*g - 11. Let a be v(9). Let c = a + -180. What is the tens digit of c?
7
Let q(k) = k**3 + 4*k**2 - 6*k - 3. Let h(l) = l**2 + 6*l + 3. Let d be h(-4). Let t be q(d). What is the units digit of (2/(-8))/(t/(-40))?
5
Let t(w) = -w**3 + 27*w**2 - 12*w + 59. What is the units digit of t(8)?
9
Let c = 5327 - 3722. Suppose -3*j = -s + 262, -3*j + 319 - c = -5*s. What is the tens digit of s?
5
Let u(y) = -585*y + 16. What is the units digit of u(-1)?
1
Suppose 0*i + i - 110 = 0. Suppose -d = -6*d + i. Suppose 0 = -4*j + 206 - d. What is the tens digit of j?
4
Suppose -5*g + 3 = -3*r, 5*g - 2 = -0*g + 2*r. Suppose -p + 2*z + 97 = g, -5*z + 485 = 5*p - z. What is the tens digit of p?
9
Let p(j) = -j**3 - 3*j**2 - 17*j + 10. Let r be p(-5). Suppose -4*s + 354 = 2*q, 0 = -q - 4*s + r + 34. What is the hundreds digit of q?
1
Let i be 20/(-15)*(42/(-4))/(-1). Let w = i - -46. What is the units digit of w?
2
Let l(s) be the second derivative of -s**4/12 + 23*s**2/2 - 16*s. Let u(m) = m + 6. Let b be u(-6). What is the units digit of l(b)?
3
Suppose 0 = 10*o - 7*o + 1275. Let k = -162 - o. What is the hundreds digit of k?
2
Suppose 2 = -2*u - 6. Let t be u/4*37 + 1. What is the tens digit of 9*(-4 + t/(-4))?
4
Let d be (-4)/1*5/4. Let g = -7 - d. Let i = 4 + g. What is the units digit of i?
2
Let w be (-71 - (-20)/(-4)) + (-1 - 0). Let o = 92 + w. What is the units digit of o?
5
Suppose 0*t - 44 = -k - 4*t, 4*k = 3*t + 100. What is the tens digit of (35/k)/((-2)/(-296)) + 1?
8
What is the units digit of (-216 - -19)/((-1)/13)?
1
Let l(h) = -2*h + 14. Let z(b) = 2*b - 13. Let d(y) = -4*l(y) - 5*z(y). Let p be d(6). What is the units digit of 6*(p - -2 - -4)?
8
Let t = 6012 + -3906. What is the tens digit of t?
0
Let r = 805 - 410. Suppose -4*p + 151 = -2*m - r, 3*m = -p + 119. What is the units digit of p?
4
Let t = 15 + -23. Let i be (-23)/t + 6/48. Suppose -2*q = i*q - 195. What is the tens digit of q?
3
Let o = -855 + 1837. What is the hundreds digit of o?
9
Suppose 205 = 3*w - 5*f - 197, 2*w + 5*f - 293 = 0. Suppose 5*r - w = 141. What is the tens digit of r?
5
Suppose 0*v + 2 = -2*q + 2*v, -2*v + 6 = -q. Suppose -11 - 19 = -6*n. Suppose 60 = n*z + 3*g, 4 - 16 = -z + q*g. What is the tens digit of z?
1
Let d be 1/(3/12 + 0). Suppose 389 = d*b - 299. What is the units digit of b?
2
Let x(r) = r**3 - 20*r**2 - 22*r + 38. What is the units digit of x(22)?
2
Suppose 4*n = -5 + 1. Let c be 1/2*(1 - n). What is the units digit of ((-3)/(-6))/(c/10)?
5
Let y be (10 - 3)/(3/171). Suppose -1 + 4 = b, 0 = -3*w + b + y. What is the units digit of w?
4
Let g = -1204 - -2000. What is the hundreds digit of g?
7
Suppose 3*g - 3 = 15. Let b be 29 - (-3)/g*6. Suppose -2*l - b = -2*y + 3*l, 4*y - 86 = -l. What is the tens digit of y?
2
Let u = -1 + 18. Let y = u + -12. Suppose -9 = -h - 2*c, 0*h + 4*h + y*c = 42. What is the units digit of h?
3
Let g(r) = -r**3 + 5*r**2 - r - 5. Let q(m) = 1 - 2 - m + m**2 + 0. Let u(o) = g(o) - q(o). What is the units digit of u(3)?
5
Let h = -1901 + 6436. What is the units digit of h?
5
Let t(o) = o**2 - 39 + 75 + 74. What is the units digit of t(0)?
0
Let b(j) = -5*j - 1. Let l(o) = -o - 1. Let i(r) = -b(r) - 3*l(r). Let v be i(3). Suppose -77 = -5*w + v. What is the tens digit of w?
2
Let h(s) be the first derivative of -s**3/3 + 7*s**2 + 7*s - 12. What is the tens digit of h(8)?
5
What is the units digit of 20/45 - 18172/(-18)?
0
Let m(d) = d**3 + 7*d**2 + 2*d + 4. Let j be m(-7). Let r = 39 + -4. What is the units digit of 166/7 - j/r?
4
Let q = -2 - 1. Let k = q + 6. Suppose k*v = 14 + 28. What is the tens digit of v?
1
Let r(l) = 53 + l - 5*l + 3*l + 14*l. What is the tens digit of r(20)?
1
What is the units digit of -145*(-3 + 5 - 1*5)?
5
Let w = 31 + 986. What is